{"id":113,"date":"2015-02-02T22:18:53","date_gmt":"2015-02-02T22:18:53","guid":{"rendered":"http:\/\/mv-fuetzen.de\/?page_id=113"},"modified":"2025-11-26T09:26:04","modified_gmt":"2025-11-26T09:26:04","slug":"ausbildung","status":"publish","type":"page","link":"https:\/\/mv-fuetzen.de\/?page_id=113","title":{"rendered":"Ausbildung"},"content":{"rendered":"<p><strong>Musikalische Fr\u00fcherziehung<\/strong><br \/>\nSeit September 2013 bietet der Musikverein F\u00fctzen in Kooperation mit dem Kindergarten Epfenhofen erfolgreich die Musikalische Fr\u00fcherziehung bei Kindern ab einem Alter von 4 Jahren an.<br \/>\n\u201eMusikfantasie\u201c hei\u00dft die Ausbildung, mit der Lisa Gnir\u00df die ersten musikalischen Begriffe, Rhythmus und Notenlehre den Kindern auf eine spielerische Art beibringt.<\/p>\n<p><strong>Blockfl\u00f6te<\/strong><br \/>\nDarauf aufbauend bieten wir in Kooperation mit der Grundschule F\u00fctzen einen Blockfl\u00f6tenunterricht an. Dieser wird von Nadine Meister geleitet.<\/p>\n<p><strong>Z\u00f6glingsausbildung<\/strong><br \/>\nNach ca. 2-3 Jahren k\u00f6nnten die Kinder ein Instrument beim Musikverein F\u00fctzen erlernen.<br \/>\nDie Ausbildung hierf\u00fcr erfolgt mit der Musikschule Blumberg.<br \/>\nParallel dazu werden die Z\u00f6glinge in der Jugendkapelle spielen.<\/p>\n<p><strong>Gesamtmusik<\/strong><\/p>\n<p>Nach Erlangen des bronzenen Leistungsabzeichen werden die Jugendlichen in die Gesamtmusik aufgenommen.<\/p>\n<p>Bei Interesse melden Sie sich doch einfach \u00fcber unser <a title=\"Kontakt\" href=\"http:\/\/mv-fuetzen.de\/?page_id=95\">Kontaktformular.<\/a><\/p>\n","protected":false},"excerpt":{"rendered":"<p>Musikalische Fr\u00fcherziehung Seit September 2013 bietet der Musikverein F\u00fctzen in Kooperation mit dem Kindergarten Epfenhofen erfolgreich die Musikalische Fr\u00fcherziehung bei Kindern ab einem Alter von 4 Jahren an. \u201eMusikfantasie\u201c hei\u00dft die Ausbildung, mit der Lisa Gnir\u00df die ersten musikalischen Begriffe, Rhythmus und Notenlehre den Kindern auf eine spielerische Art beibringt. Blockfl\u00f6te Darauf aufbauend bieten wir &hellip; <\/p>\n<p><a class=\"more-link btn\" href=\"https:\/\/mv-fuetzen.de\/?page_id=113\">Weiterlesen<\/a><\/p>\n","protected":false},"author":1,"featured_media":0,"parent":0,"menu_order":0,"comment_status":"closed","ping_status":"closed","template":"","meta":{"_mi_skip_tracking":false},"_links":{"self":[{"href":"https:\/\/mv-fuetzen.de\/index.php?rest_route=\/wp\/v2\/pages\/113"}],"collection":[{"href":"https:\/\/mv-fuetzen.de\/index.php?rest_route=\/wp\/v2\/pages"}],"about":[{"href":"https:\/\/mv-fuetzen.de\/index.php?rest_route=\/wp\/v2\/types\/page"}],"author":[{"embeddable":true,"href":"https:\/\/mv-fuetzen.de\/index.php?rest_route=\/wp\/v2\/users\/1"}],"replies":[{"embeddable":true,"href":"https:\/\/mv-fuetzen.de\/index.php?rest_route=%2Fwp%2Fv2%2Fcomments&post=113"}],"version-history":[{"count":13,"href":"https:\/\/mv-fuetzen.de\/index.php?rest_route=\/wp\/v2\/pages\/113\/revisions"}],"predecessor-version":[{"id":3153,"href":"https:\/\/mv-fuetzen.de\/index.php?rest_route=\/wp\/v2\/pages\/113\/revisions\/3153"}],"wp:attachment":[{"href":"https:\/\/mv-fuetzen.de\/index.php?rest_route=%2Fwp%2Fv2%2Fmedia&parent=113"}],"curies":[{"name":"wp","href":"https:\/\/api.w.org\/{rel}","templated":true}]}}