{"id":1972,"date":"2022-03-25T09:31:26","date_gmt":"2022-03-25T09:31:26","guid":{"rendered":"http:\/\/mv-fuetzen.de\/?page_id=1972"},"modified":"2022-03-25T09:32:19","modified_gmt":"2022-03-25T09:32:19","slug":"dorfhock","status":"publish","type":"page","link":"https:\/\/mv-fuetzen.de\/?page_id=1972","title":{"rendered":"Dorfhock"},"content":{"rendered":"\n<p>Wenn das Wetter mitspielt, laden wir einmal im Jahr zum Dorfhock ein. Hierzu ist die ganze Ortsbev\u00f6lkerung herzlich rund um den Dorfpavillon eingeladen. Die Jugendkapelle sowie der Musikverein unterhalten die G\u00e4ste, w\u00e4hrend diese mit leckeren Speisen und Getr\u00e4nken versorgt werden und den Abend gem\u00fctlich ausklingen lassen.<\/p>\n\n\n\n<p>Dorfhock Juli 2015<div id=\"mygallery_wrapper_2\" class=\"clearfix gallery-img-content\"\r\n     data-rating-type=\"off\">\r\n\t<div id=\"mygallery_2\" class=\"mygallery clearfix view-justified\">\r\n\t\t\t\t<input type=\"hidden\" id=\"total\" value=\"2\"\/>\r\n\t\t\t\t\t\t\t\t\t\t\t\t<a class=\"gallery_group2\" href=\"http:\/\/mv-fuetzen.de\/wp-content\/uploads\/2015\/07\/P1010778-Kopie.jpg\"\r\n\t\t\t\t\t   title=\"\">\r\n\t\t\t\t\t\t<img id=\"wd-cl-img0\"\r\n\t\t\t\t\t\t     alt=\"\"\r\n\t\t\t\t\t\t     src=\"https:\/\/mv-fuetzen.de\/wp-content\/uploads\/2015\/07\/P1010778-Kopie-1024x683.jpg\"\/>\r\n\t\t\t\t\t\t\t\t\t\t\t<\/a>\r\n\t\t\t\t\t<input type=\"hidden\" class=\"pagenum\" value=\"1\"\/>\r\n\t\t\t\t\t\t\t\t\t\t\t\t\t\t\t\t\t\t\t<a class=\"gallery_group2\" href=\"http:\/\/mv-fuetzen.de\/wp-content\/uploads\/2015\/07\/P1010779.jpg\"\r\n\t\t\t\t\t   title=\"\">\r\n\t\t\t\t\t\t<img id=\"wd-cl-img1\"\r\n\t\t\t\t\t\t     alt=\"\"\r\n\t\t\t\t\t\t     src=\"https:\/\/mv-fuetzen.de\/wp-content\/uploads\/2015\/07\/P1010779-1024x683.jpg\"\/>\r\n\t\t\t\t\t\t\t\t\t\t\t<\/a>\r\n\t\t\t\t\t<input type=\"hidden\" class=\"pagenum\" value=\"1\"\/>\r\n\t\t\t\t\t\t\t\t\t\t\t\t\t\t\t\t\t\t\t<a class=\"gallery_group2\" href=\"http:\/\/mv-fuetzen.de\/wp-content\/uploads\/2015\/07\/P1010780.jpg\"\r\n\t\t\t\t\t   title=\"\">\r\n\t\t\t\t\t\t<img id=\"wd-cl-img2\"\r\n\t\t\t\t\t\t     alt=\"\"\r\n\t\t\t\t\t\t     src=\"https:\/\/mv-fuetzen.de\/wp-content\/uploads\/2015\/07\/P1010780-1024x683.jpg\"\/>\r\n\t\t\t\t\t\t\t\t\t\t\t<\/a>\r\n\t\t\t\t\t<input type=\"hidden\" class=\"pagenum\" value=\"1\"\/>\r\n\t\t\t\t\t\t\t\t\t\t\t\t\t\t\t\t\t\t\t<a class=\"gallery_group2\" href=\"http:\/\/mv-fuetzen.de\/wp-content\/uploads\/2015\/07\/P1010781.jpg\"\r\n\t\t\t\t\t   title=\"\">\r\n\t\t\t\t\t\t<img id=\"wd-cl-img3\"\r\n\t\t\t\t\t\t     alt=\"\"\r\n\t\t\t\t\t\t     src=\"https:\/\/mv-fuetzen.de\/wp-content\/uploads\/2015\/07\/P1010781-1024x683.jpg\"\/>\r\n\t\t\t\t\t\t\t\t\t\t\t<\/a>\r\n\t\t\t\t\t<input type=\"hidden\" class=\"pagenum\" value=\"1\"\/>\r\n\t\t\t\t\t\t\t\t\t\t\t\t\t\t\t\t\t\t\t<a class=\"gallery_group2\" href=\"http:\/\/mv-fuetzen.de\/wp-content\/uploads\/2015\/07\/P1010782.jpg\"\r\n\t\t\t\t\t   title=\"\">\r\n\t\t\t\t\t\t<img id=\"wd-cl-img4\"\r\n\t\t\t\t\t\t     alt=\"\"\r\n\t\t\t\t\t\t     src=\"https:\/\/mv-fuetzen.de\/wp-content\/uploads\/2015\/07\/P1010782-1024x683.jpg\"\/>\r\n\t\t\t\t\t\t\t\t\t\t\t<\/a>\r\n\t\t\t\t\t<input type=\"hidden\" class=\"pagenum\" value=\"1\"\/>\r\n\t\t\t\t\t\t\t\t\t\t\t\t\t\t\t\t\t\t\t<a class=\"gallery_group2\" href=\"http:\/\/mv-fuetzen.de\/wp-content\/uploads\/2015\/07\/P1010783.jpg\"\r\n\t\t\t\t\t   title=\"\">\r\n\t\t\t\t\t\t<img id=\"wd-cl-img5\"\r\n\t\t\t\t\t\t     alt=\"\"\r\n\t\t\t\t\t\t     src=\"https:\/\/mv-fuetzen.de\/wp-content\/uploads\/2015\/07\/P1010783.jpg\"\/>\r\n\t\t\t\t\t\t\t\t\t\t\t<\/a>\r\n\t\t\t\t\t<input type=\"hidden\" class=\"pagenum\" value=\"1\"\/>\r\n\t\t\t\t\t\t\t\t\t\t\t\t\t\t\t\t\t\t\t<a class=\"gallery_group2\" href=\"http:\/\/mv-fuetzen.de\/wp-content\/uploads\/2015\/07\/P1010784.jpg\"\r\n\t\t\t\t\t   title=\"\">\r\n\t\t\t\t\t\t<img id=\"wd-cl-img6\"\r\n\t\t\t\t\t\t     alt=\"\"\r\n\t\t\t\t\t\t     src=\"https:\/\/mv-fuetzen.de\/wp-content\/uploads\/2015\/07\/P1010784-1024x683.jpg\"\/>\r\n\t\t\t\t\t\t\t\t\t\t\t<\/a>\r\n\t\t\t\t\t<input type=\"hidden\" class=\"pagenum\" value=\"1\"\/>\r\n\t\t\t\t\t\t\t\t\t\t\t\t\t\t\t\t\t\t\t<a class=\"gallery_group2\" href=\"http:\/\/mv-fuetzen.de\/wp-content\/uploads\/2015\/07\/P1010785.jpg\"\r\n\t\t\t\t\t   title=\"\">\r\n\t\t\t\t\t\t<img id=\"wd-cl-img7\"\r\n\t\t\t\t\t\t     alt=\"\"\r\n\t\t\t\t\t\t     src=\"https:\/\/mv-fuetzen.de\/wp-content\/uploads\/2015\/07\/P1010785-1024x683.jpg\"\/>\r\n\t\t\t\t\t\t\t\t\t\t\t<\/a>\r\n\t\t\t\t\t<input type=\"hidden\" class=\"pagenum\" value=\"1\"\/>\r\n\t\t\t\t\t\t\t\t\t\t\t\t\t\t\t\t\t\t\t<a class=\"gallery_group2\" href=\"http:\/\/mv-fuetzen.de\/wp-content\/uploads\/2015\/07\/P1010787.jpg\"\r\n\t\t\t\t\t   title=\"\">\r\n\t\t\t\t\t\t<img id=\"wd-cl-img8\"\r\n\t\t\t\t\t\t     alt=\"\"\r\n\t\t\t\t\t\t     src=\"https:\/\/mv-fuetzen.de\/wp-content\/uploads\/2015\/07\/P1010787.jpg\"\/>\r\n\t\t\t\t\t\t\t\t\t\t\t<\/a>\r\n\t\t\t\t\t<input type=\"hidden\" class=\"pagenum\" value=\"1\"\/>\r\n\t\t\t\t\t\t\t\t\t\t\t\t\t\t\t\t\t\t\t<a class=\"gallery_group2\" href=\"http:\/\/mv-fuetzen.de\/wp-content\/uploads\/2015\/07\/P1010788.jpg\"\r\n\t\t\t\t\t   title=\"\">\r\n\t\t\t\t\t\t<img id=\"wd-cl-img9\"\r\n\t\t\t\t\t\t     alt=\"\"\r\n\t\t\t\t\t\t     src=\"https:\/\/mv-fuetzen.de\/wp-content\/uploads\/2015\/07\/P1010788-1024x683.jpg\"\/>\r\n\t\t\t\t\t\t\t\t\t\t\t<\/a>\r\n\t\t\t\t\t<input type=\"hidden\" class=\"pagenum\" value=\"1\"\/>\r\n\t\t\t\t\t\t\t\t\t\t<\/div>\r\n\t<style>\r\n.justified-gallery {\r\n    width: 100%;\r\n    position: relative;\r\n}\r\n.justified-gallery a{\r\n    border:none;\r\n}\r\n.justified-gallery > a,\r\n.justified-gallery > div {\r\n    position: absolute;\r\n    display: inline-block;\r\n    opacity: 0;\r\n    overflow:hidden;\r\n    filter: alpha(opacity=0);\r\n    \/* IE8 or Earlier *\/\r\n}\r\n.justified-gallery > a > img,\r\n.justified-gallery > div > img {\r\n    position: absolute;\r\n    top: 50%;\r\n    left: 50%;\r\n    padding: 0;\r\n}\r\n.justified-gallery > a > .caption,\r\n.justified-gallery > div > .caption {\r\n    display: none;\r\n    position: absolute;\r\n    bottom: 0;\r\n    padding: 5px;\r\n    left: 0;\r\n    right: 0;\r\n    margin: 0;\r\n    color: #3AD6FC;\r\n    font-size: 13px;\r\n    font-weight: 300;\r\n    font-family: sans-serif;\r\n\/\/margin-left: px;\r\n    background:rgba(255,28,28,0.9)  !important;\r\n    overflow: hidden;\r\n    text-overflow: ellipsis;\r\n    white-space:nowrap;\r\n}\r\n.justified-gallery > a > .caption.caption-visible,\r\n.justified-gallery > div > .caption.caption-visible {\r\n    display: initial;\r\n    filter: \"alpha(opacity=70)\";\r\n    \/* IE8 or Earlier *\/\r\n    -webkit-animation: justified-gallery-show-caption-animation 500ms 0 ease;\r\n    -moz-animation: justified-gallery-show-caption-animation 500ms 0 ease;\r\n    -ms-animation: justified-gallery-show-caption-animation 500ms 0 ease;\r\n}\r\n.justified-gallery > .entry-visible {\r\n    opacity: 1.0;\r\n    filter: alpha(opacity=100);\r\n    \/* IE8 or Earlier *\/\r\n    -webkit-animation: justified-gallery-show-entry-animation 300ms 0 ease;\r\n    -moz-animation: justified-gallery-show-entry-animation 300ms 0 ease;\r\n    -ms-animation: justified-gallery-show-entry-animation 300ms 0 ease;\r\n}\r\n.justified-gallery > .spinner {\r\n    position: absolute;\r\n    bottom: 0;\r\n    margin-left: -24px;\r\n    padding: 10px 0 10px 0;\r\n    left: 50%;\r\n    opacity: initial;\r\n    filter: initial;\r\n    overflow: initial;\r\n}\r\n.justified-gallery > .spinner > span {\r\n    display: inline-block;\r\n    opacity: 0;\r\n    filter: alpha(opacity=0);\r\n    \/* IE8 or Earlier *\/\r\n    width: 8px;\r\n    height: 8px;\r\n    margin: 0 4px 0 4px;\r\n    background-color: #000;\r\n    border-top-left-radius: 6px;\r\n    border-top-right-radius: 6px;\r\n    border-bottom-right-radius: 6px;\r\n    border-bottom-left-radius: 6px;\r\n}\r\n.play-icon {\r\n    position:absolute;\r\n    top:0;\r\n    left:0;\r\n    width:100%;\r\n    height:100%;\r\n}\r\n.load_more2 {\r\n    margin: 10px 0;\r\n    position:relative;\r\n    text-align:center;\r\n    width:100%;\r\n}\r\n.load_more_button2 {\r\n    border-radius: 10px;\r\n    display:inline-block;\r\n    padding:5px 15px;\r\n    font-size:14px !important;;\r\n    color:#FF1C1C !important;;\r\n    background:#26A6FC !important;\r\n    cursor:pointer;\r\n}\r\n.load_more_button2:hover{\r\n    color:#FF4242 !important;\r\n    background:#0FEFFF !important;\r\n}\r\n.loading2 {\r\n    display:none;\r\n}\r\n.paginate2{\r\n    font-size:18px !important;\r\n    color:#26A6FC !important;\r\n    text-align: center;\r\n    margin-top: 25px;\r\n}\r\n.paginate2 a{\r\n    border-bottom: none !important;\r\n}\r\n.icon-style2{\r\n    font-size: 18px !important;\r\n    color:#26A6FC !important;\r\n}\r\n.clear{\r\n    clear:both;\r\n}\r\n.play-icon.youtube-icon {background:url(https:\/\/mv-fuetzen.de\/wp-content\/plugins\/gallery-images\/assets\/images\/admin_images\/play.youtube.png) center center no-repeat;}\r\n.play-icon.vimeo-icon {background:url(https:\/\/mv-fuetzen.de\/wp-content\/plugins\/gallery-images\/assets\/images\/admin_images\/play.vimeo.png) center center no-repeat;}\r\n<\/style><\/p>\n\n\n\n<p><\/p>\n","protected":false},"excerpt":{"rendered":"<p>Wenn das Wetter mitspielt, laden wir einmal im Jahr zum Dorfhock ein. Hierzu ist die ganze Ortsbev\u00f6lkerung herzlich rund um den Dorfpavillon eingeladen. Die Jugendkapelle sowie der Musikverein unterhalten die G\u00e4ste, w\u00e4hrend diese mit leckeren Speisen und Getr\u00e4nken versorgt werden und den Abend gem\u00fctlich ausklingen lassen. Dorfhock Juli 2015<\/p>\n","protected":false},"author":1,"featured_media":0,"parent":0,"menu_order":0,"comment_status":"closed","ping_status":"closed","template":"","meta":{"_mi_skip_tracking":false},"_links":{"self":[{"href":"https:\/\/mv-fuetzen.de\/index.php?rest_route=\/wp\/v2\/pages\/1972"}],"collection":[{"href":"https:\/\/mv-fuetzen.de\/index.php?rest_route=\/wp\/v2\/pages"}],"about":[{"href":"https:\/\/mv-fuetzen.de\/index.php?rest_route=\/wp\/v2\/types\/page"}],"author":[{"embeddable":true,"href":"https:\/\/mv-fuetzen.de\/index.php?rest_route=\/wp\/v2\/users\/1"}],"replies":[{"embeddable":true,"href":"https:\/\/mv-fuetzen.de\/index.php?rest_route=%2Fwp%2Fv2%2Fcomments&post=1972"}],"version-history":[{"count":2,"href":"https:\/\/mv-fuetzen.de\/index.php?rest_route=\/wp\/v2\/pages\/1972\/revisions"}],"predecessor-version":[{"id":1975,"href":"https:\/\/mv-fuetzen.de\/index.php?rest_route=\/wp\/v2\/pages\/1972\/revisions\/1975"}],"wp:attachment":[{"href":"https:\/\/mv-fuetzen.de\/index.php?rest_route=%2Fwp%2Fv2%2Fmedia&parent=1972"}],"curies":[{"name":"wp","href":"https:\/\/api.w.org\/{rel}","templated":true}]}}