{"id":277,"date":"2016-04-26T20:28:45","date_gmt":"2016-04-26T20:28:45","guid":{"rendered":"http:\/\/mv-fuetzen.de\/?page_id=277"},"modified":"2022-01-17T20:45:12","modified_gmt":"2022-01-17T20:45:12","slug":"test","status":"publish","type":"page","link":"https:\/\/mv-fuetzen.de\/?page_id=277","title":{"rendered":"Bezirksmusikfest 2017"},"content":{"rendered":"<p>Der Musikverein \u201eEintracht\u201c e.V. F\u00fctzen feiert in diesem Jahr sein 145-j\u00e4hriges Jubil\u00e4um und die Bl\u00e4serjugend kann auf ihr 25-j\u00e4hriges Bestehen zur\u00fcckblicken. Dieses Doppeljubil\u00e4um feiern wir <strong>vom 28. April bis 01. Mai 2017<\/strong> verbunden mit dem Bezirksmusikfest des Arbeitsbezirkes 4 mit einem gro\u00dfen Zeltfest in F\u00fctzen.<\/p>\n<p>Wir haben ein abgerundetes Programm vom Kindermusical \u00fcber einen Fassanstich mit Blasmusikabend, eine Dirndl-k\u00fcsst-Lederhosen-Party mit der aus Funk und Fernsehen bekannten Band \u201eDorfrocker\u201c, eine 80er\/90er Party, einen Umzug der Bezirksvereine durch unser Dorf bis hin zum Wandertreff f\u00fcr dieses Jubil\u00e4um geplant.<\/p>\n<p>Infos zu den Top-Acts:<\/p>\n<p><strong>\u201eDie Dorfrocker\u201c am Samstag, den 29.04.2017:<\/strong><\/p>\n<p>Die Dorfrocker begeistern seit zehn Jahren Jung und Alt, ihre Alben landen regelm\u00e4\u00dfig in den Top10 Charts. Mit einem Mix aus Rock, Pop, Volksmusik und ihren zahlreichen Dorfrocker-Krachern rei\u00dfen sie Woche f\u00fcr Woche ihre Konzertbesucher mit und von den B\u00e4nken. Nicht ohne Grund wurden die drei Br\u00fcder k\u00fcrzlich von der Fachpresse als &#8222;K\u00f6nige der Festzelte und Hallen&#8220; ausgezeichnet. Sie verbinden Lederhose und E-Gitarre. Ihr Hit \u201eDorfkind\u201c ist ein H\u00f6hepunkt ihrer Konzerte, das neue Album hei\u00dft \u201eHeimat. Land. Liebe.\u201c<\/p>\n<p>N\u00e4here Infos \u00fcber die Dorfrocker findet ihr auf der offiziellen&nbsp;<a href=\"http:\/\/www.dorfrocker.de\/heimatlandliebe\/\">Homepage<\/a>&nbsp;der Band. Oder seht euch den aktuellen Hit \u201cIch glaub mein Glas hat ein Loch\u201c aus dem aktuellen Album \u201cHeimat, Land, Liebe\u201c auf&nbsp;<a href=\"https:\/\/youtu.be\/KDhbK9cIjsU\">YouTube<\/a>&nbsp;an.<\/p>\n<p><strong>Disco total &#8211; 80er 90er Party mit DJ Fass am 30.04.2017 (Tanz in den Mai)<\/strong><\/p>\n<p>Am <strong>Sonntag, 30.04.2017<\/strong> feiern wir mit DJ Fass bei \u201eDisco Total\u201c zu den ultimativen Hits aus den 80ern &amp; 90ern in den Mai &#8211; seid dabei!<\/p>\n<p>Hier der Programmflyer<\/p>\n<p><iframe loading=\"lazy\" src=\"https:\/\/www.yumpu.com\/de\/embed\/view\/A3qiRFIQLtC75G4H\" width=\"620px\" height=\"580px\" frameborder=\"0\" allowfullscreen=\"allowfullscreen\"><\/iframe><\/p>\n<p dir=\"ltr\" style=\"font-family: sans-serif; line-height: 19px;\">+ + + INFO + + +<\/p>\n<p dir=\"ltr\" style=\"font-family: sans-serif; line-height: 19px;\">Hallo zusammen,<\/p>\n<p dir=\"ltr\" style=\"font-family: sans-serif; line-height: 19px;\">wir beenden heute den online-Kartenvorverkauf.<\/p>\n<p dir=\"ltr\" style=\"font-family: sans-serif; line-height: 19px;\">Bis Dienstagabend habt ihr noch die Chance, ein paar wenige Restkarten f\u00fcr die DORFROCKER mit Sitzplatzreservierung selbst gegen Barzahlung bei einem Musiker bzw. einer Musikerin zu bekommen. Danach sind nur noch Karten an der Abendkasse erh\u00e4ltlich.<\/p>\n<p dir=\"ltr\" style=\"font-family: sans-serif; line-height: 19px;\">Karten f\u00fcr \u201eDisco Total \u2013 die ultimative 80er- &amp; 90er Party\u201c mit DJ Fass gibt es ebenfalls an der Abendkasse.<\/p>\n<p dir=\"ltr\" style=\"font-family: sans-serif; line-height: 19px;\">Wir freuen uns auf zwei super Abende mit Euch! \ud83d\ude42<\/p>\n<p>&nbsp;<\/p>\n","protected":false},"excerpt":{"rendered":"<p>Der Musikverein \u201eEintracht\u201c e.V. F\u00fctzen feiert in diesem Jahr sein 145-j\u00e4hriges Jubil\u00e4um und die Bl\u00e4serjugend kann auf ihr 25-j\u00e4hriges Bestehen zur\u00fcckblicken. Dieses Doppeljubil\u00e4um feiern wir vom 28. April bis 01. Mai 2017 verbunden mit dem Bezirksmusikfest des Arbeitsbezirkes 4 mit einem gro\u00dfen Zeltfest in F\u00fctzen. Wir haben ein abgerundetes Programm vom Kindermusical \u00fcber einen Fassanstich &hellip; <\/p>\n<p><a class=\"more-link btn\" href=\"https:\/\/mv-fuetzen.de\/?page_id=277\">Weiterlesen<\/a><\/p>\n","protected":false},"author":1,"featured_media":0,"parent":1029,"menu_order":0,"comment_status":"closed","ping_status":"closed","template":"","meta":{"_mi_skip_tracking":false},"_links":{"self":[{"href":"https:\/\/mv-fuetzen.de\/index.php?rest_route=\/wp\/v2\/pages\/277"}],"collection":[{"href":"https:\/\/mv-fuetzen.de\/index.php?rest_route=\/wp\/v2\/pages"}],"about":[{"href":"https:\/\/mv-fuetzen.de\/index.php?rest_route=\/wp\/v2\/types\/page"}],"author":[{"embeddable":true,"href":"https:\/\/mv-fuetzen.de\/index.php?rest_route=\/wp\/v2\/users\/1"}],"replies":[{"embeddable":true,"href":"https:\/\/mv-fuetzen.de\/index.php?rest_route=%2Fwp%2Fv2%2Fcomments&post=277"}],"version-history":[{"count":43,"href":"https:\/\/mv-fuetzen.de\/index.php?rest_route=\/wp\/v2\/pages\/277\/revisions"}],"predecessor-version":[{"id":1574,"href":"https:\/\/mv-fuetzen.de\/index.php?rest_route=\/wp\/v2\/pages\/277\/revisions\/1574"}],"up":[{"embeddable":true,"href":"https:\/\/mv-fuetzen.de\/index.php?rest_route=\/wp\/v2\/pages\/1029"}],"wp:attachment":[{"href":"https:\/\/mv-fuetzen.de\/index.php?rest_route=%2Fwp%2Fv2%2Fmedia&parent=277"}],"curies":[{"name":"wp","href":"https:\/\/api.w.org\/{rel}","templated":true}]}}

<p>Der Musikverein „Eintracht“ e.V. Fützen feiert in diesem Jahr sein 145-jähriges Jubiläum und die Bläserjugend kann auf ihr 25-jähriges Bestehen zurückblicken. Dieses Doppeljubiläum feiern wir <strong>vom 28. April bis 01. Mai 2017</strong> verbunden mit dem Bezirksmusikfest des Arbeitsbezirkes 4 mit einem großen Zeltfest in Fützen.</p>
<p>Wir haben ein abgerundetes Programm vom Kindermusical über einen Fassanstich mit Blasmusikabend, eine Dirndl-küsst-Lederhosen-Party mit der aus Funk und Fernsehen bekannten Band „Dorfrocker“, eine 80er/90er Party, einen Umzug der Bezirksvereine durch unser Dorf bis hin zum Wandertreff für dieses Jubiläum geplant.</p>
<p>Infos zu den Top-Acts:</p>
<p><strong>„Die Dorfrocker“ am Samstag, den 29.04.2017:</strong></p>
<p>Die Dorfrocker begeistern seit zehn Jahren Jung und Alt, ihre Alben landen regelmäßig in den Top10 Charts. Mit einem Mix aus Rock, Pop, Volksmusik und ihren zahlreichen Dorfrocker-Krachern reißen sie Woche für Woche ihre Konzertbesucher mit und von den Bänken. Nicht ohne Grund wurden die drei Brüder kürzlich von der Fachpresse als &#8222;Könige der Festzelte und Hallen&#8220; ausgezeichnet. Sie verbinden Lederhose und E-Gitarre. Ihr Hit „Dorfkind“ ist ein Höhepunkt ihrer Konzerte, das neue Album heißt „Heimat. Land. Liebe.“</p>
<p>Nähere Infos über die Dorfrocker findet ihr auf der offiziellen&nbsp;<a href="http://www.dorfrocker.de/heimatlandliebe/">Homepage</a>&nbsp;der Band. Oder seht euch den aktuellen Hit “Ich glaub mein Glas hat ein Loch“ aus dem aktuellen Album “Heimat, Land, Liebe“ auf&nbsp;<a href="https://youtu.be/KDhbK9cIjsU">YouTube</a>&nbsp;an.</p>
<p><strong>Disco total &#8211; 80er 90er Party mit DJ Fass am 30.04.2017 (Tanz in den Mai)</strong></p>
<p>Am <strong>Sonntag, 30.04.2017</strong> feiern wir mit DJ Fass bei „Disco Total“ zu den ultimativen Hits aus den 80ern &amp; 90ern in den Mai &#8211; seid dabei!</p>
<p>Hier der Programmflyer</p>
<p><iframe loading="lazy" src="https://www.yumpu.com/de/embed/view/A3qiRFIQLtC75G4H" width="620px" height="580px" frameborder="0" allowfullscreen="allowfullscreen"></iframe></p>
<p dir="ltr" style="font-family: sans-serif; line-height: 19px;">+ + + INFO + + +</p>
<p dir="ltr" style="font-family: sans-serif; line-height: 19px;">Hallo zusammen,</p>
<p dir="ltr" style="font-family: sans-serif; line-height: 19px;">wir beenden heute den online-Kartenvorverkauf.</p>
<p dir="ltr" style="font-family: sans-serif; line-height: 19px;">Bis Dienstagabend habt ihr noch die Chance, ein paar wenige Restkarten für die DORFROCKER mit Sitzplatzreservierung selbst gegen Barzahlung bei einem Musiker bzw. einer Musikerin zu bekommen. Danach sind nur noch Karten an der Abendkasse erhältlich.</p>
<p dir="ltr" style="font-family: sans-serif; line-height: 19px;">Karten für „Disco Total – die ultimative 80er- &amp; 90er Party“ mit DJ Fass gibt es ebenfalls an der Abendkasse.</p>
<p dir="ltr" style="font-family: sans-serif; line-height: 19px;">Wir freuen uns auf zwei super Abende mit Euch! 🙂</p>
<p>&nbsp;</p>

<p>Der Musikverein „Eintracht“ e.V. Fützen feiert in diesem Jahr sein 145-jähriges Jubiläum und die Bläserjugend kann auf ihr 25-jähriges Bestehen zurückblicken. Dieses Doppeljubiläum feiern wir vom 28. April bis 01. Mai 2017 verbunden mit dem Bezirksmusikfest des Arbeitsbezirkes 4 mit einem großen Zeltfest in Fützen. Wir haben ein abgerundetes Programm vom Kindermusical über einen Fassanstich &hellip; </p>
<p><a class="more-link btn" href="https://mv-fuetzen.de/?page_id=277">Weiterlesen</a></p>
