{"id":467,"date":"2016-06-17T10:29:55","date_gmt":"2016-06-17T10:29:55","guid":{"rendered":"http:\/\/mv-fuetzen.de\/?page_id=467"},"modified":"2022-04-06T05:49:48","modified_gmt":"2022-04-06T05:49:48","slug":"widerrufsrecht","status":"publish","type":"page","link":"https:\/\/mv-fuetzen.de\/?page_id=467","title":{"rendered":"Widerrufsrecht"},"content":{"rendered":"<p>Festgemeinschaft Bl\u00e4serjugend F\u00fctzen e.V. und Musikverein &#8222;Eintracht&#8220; e.V. F\u00fctzen GbR<br \/>\nKurzerweg 6<br \/>\n78176 Blumberg-F\u00fctzen<\/p>\n","protected":false},"excerpt":{"rendered":"<p>Festgemeinschaft Bl\u00e4serjugend F\u00fctzen e.V. und Musikverein &#8222;Eintracht&#8220; e.V. F\u00fctzen GbR Kurzerweg 6 78176 Blumberg-F\u00fctzen<\/p>\n","protected":false},"author":1,"featured_media":0,"parent":0,"menu_order":0,"comment_status":"closed","ping_status":"closed","template":"","meta":{"_mi_skip_tracking":false},"_links":{"self":[{"href":"https:\/\/mv-fuetzen.de\/index.php?rest_route=\/wp\/v2\/pages\/467"}],"collection":[{"href":"https:\/\/mv-fuetzen.de\/index.php?rest_route=\/wp\/v2\/pages"}],"about":[{"href":"https:\/\/mv-fuetzen.de\/index.php?rest_route=\/wp\/v2\/types\/page"}],"author":[{"embeddable":true,"href":"https:\/\/mv-fuetzen.de\/index.php?rest_route=\/wp\/v2\/users\/1"}],"replies":[{"embeddable":true,"href":"https:\/\/mv-fuetzen.de\/index.php?rest_route=%2Fwp%2Fv2%2Fcomments&post=467"}],"version-history":[{"count":3,"href":"https:\/\/mv-fuetzen.de\/index.php?rest_route=\/wp\/v2\/pages\/467\/revisions"}],"predecessor-version":[{"id":1229,"href":"https:\/\/mv-fuetzen.de\/index.php?rest_route=\/wp\/v2\/pages\/467\/revisions\/1229"}],"wp:attachment":[{"href":"https:\/\/mv-fuetzen.de\/index.php?rest_route=%2Fwp%2Fv2%2Fmedia&parent=467"}],"curies":[{"name":"wp","href":"https:\/\/api.w.org\/{rel}","templated":true}]}}